2/4).
5, 13
Let b = -78 - -260. List the prime factors of b.
2, 7, 13
Let h(v) = 34*v - 257. List the prime factors of h(9).
7
Let o(i) = -i**3 + 9*i**2 + 10*i + 3. Let z be o(10). Suppose 0 = z*m + 2*m - 450. List the prime factors of m.
2, 3, 5
Suppose -4*k = 35 + 17. Let m = -10 - k. Suppose m*g = 5*z + 32, -5*g - z + 100 = -0*g. List the prime factors of g.
19
Let i = -2724 - -3946. What are the prime factors of i?
2, 13, 47
Let r = -920 - -1345. List the prime factors of r.
5, 17
Let i be (-8)/10*50/(-20). Let w(u) = -3 + 7 - 1 - i + 58*u. What are the prime factors of w(1)?
59
Let c = 50 + -47. List the prime factors of c/(-27) - (-4955)/45.
2, 5, 11
Let u(y) = 8*y**3 - 3*y**2 + 6. Suppose -7 + 1 = 3*t + 5*q, -t - 9 = 4*q. What are the prime factors of u(t)?
3, 5, 13
Suppose 3016 + 92 = 6*z. List the prime factors of z.
2, 7, 37
Let h(d) = -2*d**2 + 2*d + 7. Let v be h(-3). Let y(p) = -6*p + 16. List the prime factors of y(v).
2, 59
Suppose 15*b - 2*b = 7657. What are the prime factors of b?
19, 31
Let r = -1059 - -3243. What are the prime factors of r?
2, 3, 7, 13
Let k(q) = q**3 - 6*q**2 + 9. Let w be k(6). Let p = 27 - w. Suppose -p = 4*i - 186. What are the prime factors of i?
2, 3, 7
Let s = -16 - -18. Suppose 5*y - 25 = m, -s*y + 6*y = 2*m + 20. Suppose m*p = -4*p + 32. What are the prime factors of p?
2
Let p be (-6)/(-9) - 4/6. Suppose p = 4*o + o - 15. Suppose -k - 116 = -2*s - o*s, 0 = 4*k + 4. List the prime factors of s.
23
Let u(t) = -5*t - 35. Let y be u(-8). Suppose 0 = -7*w + 4*w + s + 93, -2*w + 62 = y*s. What are the prime factors of w?
31
Let u(g) = -g + 81*g**2 - 17*g**2 - g. List the prime factors of u(1).
2, 31
Suppose 0*m + 3*m - 228 = 0. Suppose -5*u + 2*z - 18 = -m, -5*z - 20 = 0. What are the prime factors of (-1 + 31)*4/u?
2, 3
Let z(q) = -q**3 - 16*q**2 + 11*q + 39. What are the prime factors of z(-18)?
3, 163
Suppose -5*p + 0 = 2*c - 5, -3*c - 3 = -3*p. Suppose c = -4*h + 5*h. Suppose h = a - 5*x - 36, 4*a - 21 - 48 = 5*x. What are the prime factors of a?
11
Let j(k) = -16*k**3 - 2*k**2 + 18*k + 16. What are the prime factors of j(-7)?
2, 3, 5, 11
Let q(l) = -2*l**2 + 17*l + 10. Let i be q(9). List the prime factors of (2 - 2 - 10/i)*-17.
2, 5, 17
Suppose 8 = -5*w + 3. Let z be -3 - (0/w)/(-1). List the prime factors of (z - 9)/((-9)/6).
2
Suppose -4*j = -35 - 77. Suppose 0 = 2*h - 10 - j. List the prime factors of h.
19
List the prime factors of 59170/25 - -3*(-2)/(-30).
3, 263
Let g(t) be the third derivative of -t**5/60 + t**4/8 - t**3/6 + t**2. Let m be g(2). List the prime factors of m - (-35 - (-8)/4).
2, 17
Suppose 476 = 4*p - 0*p. What are the prime factors of p?
7, 17
Let d(h) = 10*h**2 + 31*h + 66. What are the prime factors of d(-12)?
2, 3, 7
Suppose 4*s = 5*k + 650, 2*s + 4*k = -s + 503. Suppose -3*b - 3*w + s = 0, 2*b - 3*w + 25 = 115. What are the prime factors of b?
3, 17
Let m(t) = -3*t - 19. Let o be m(-11). Suppose -9*f + o*f = -10. What are the prime factors of 45/2 - (-1)/f?
2, 11
Suppose -32 = 5*l - 247. Suppose l*b - 50*b + 1120 = 0. List the prime factors of b.
2, 5
Let g(w) = 39*w**3 + 6*w**2 - 2*w + 13. What are the prime factors of g(3)?
2, 557
Suppose 93 - 118 = -5*p. Suppose 4*d = 2*u - p*u + 224, 5*u - 224 = -4*d. List the prime factors of d.
2, 7
Let j(r) = 3*r**2 + 4*r - 4. Let q(u) = 5*u + 31. Let w be q(-6). What are the prime factors of j(w)?
3
Let g be (2/2 - 14)*-3. Let w = 18 + 49. Let n = w - g. List the prime factors of n.
2, 7
Let z = -295 - -366. What are the prime factors of z?
71
Let q be (0 - 1/1)*-45. Let n = -18 + q. Let c = n - 25. What are the prime factors of c?
2
Let j(g) be the third derivative of 0*g + 0 + 5*g**2 + 1/6*g**5 - 1/3*g**4 + 4/3*g**3 - 1/120*g**6. What are the prime factors of j(9)?
17
Suppose -7*y + 572 = -100. What are the prime factors of y?
2, 3
Let m(t) = -t**3 - 14*t**2 - 17*t - 14. Suppose o = -8 - 5. What are the prime factors of m(o)?
2, 19
Let g be (-1 + -5)*5/5. Let j be (-27)/g*2/3. Suppose 2*z = j*z - 25. List the prime factors of z.
5
Let y = -752 - -3264. What are the prime factors of y/10 - (147/35 - 5)?
2, 3, 7
Let w = 407 + 814. What are the prime factors of w?
3, 11, 37
Let g = 410 + -53. List the prime factors of g.
3, 7, 17
Let a(t) = 18*t**2 - 1. Let w be a(-1). Let x be (w/(-4))/((-2)/8). Suppose 4*s - 3*s + 2*j = x, 0 = -s + 5*j + 3. What are the prime factors of s?
13
Suppose -4*i + 36 = 4*s, 2*i + 0*s = s + 3. Suppose 4*x = -2*r + 40 + 126, i*r - 3*x - 332 = 0. List the prime factors of r.
83
Let h be 12/30*105/6. Suppose -15 = -y + h. What are the prime factors of y?
2, 11
Let g = -1 - -4. Suppose -5*x = c - 25, 0 = -g*c - x - 0 + 5. Suppose -3*u = -3*i + i + 7, -3*u + 3 = c. List the prime factors of i.
5
Suppose -3*i - 45 = -8*i. List the prime factors of (-3)/1*(-1)/(i/309).
103
Let d be -1 + -3 - (3 + 3). Let a be 45/d*(-4)/3. List the prime factors of 144/(-2 + a) - 1.
5, 7
Let p be (3 + 0 - 5) + 128/1. Let i = p + -32. What are the prime factors of i?
2, 47
Let y be -2 + 6 + (-66)/(-2). Suppose -s = -h + s + y, 2*h - 2*s = 82. What are the prime factors of h?
3, 5
What are the prime factors of 100/(-250) - (-3)/((-15)/(-2267))?
3, 151
Let u = 2 + 15. Suppose -5*m + 3 + u = 0. Suppose -5*s + 353 = -2*n + n, -n = -m*s + 282. What are the prime factors of s?
71
Let o(d) = 24*d**2 - 19*d + 29. List the prime factors of o(-11).
2, 1571
Let f = 904 - -1009. What are the prime factors of f?
1913
Suppose 3*a - 2946 = 2*d, 6*a + 4908 = 11*a - 4*d. List the prime factors of a.
2, 3, 41
Suppose -g - 2 = -5. Suppose -2*y = g*y - 25. Suppose 157 = y*a + 3*n, 0*a - a + 5*n = -37. What are the prime factors of a?
2
Let l = 269 + -88. List the prime factors of l.
181
Let o(b) = -193*b**3 - 3*b - 2. Let v be o(-1). Suppose -v = -4*l - 50. List the prime factors of l.
2, 3
Let w = -53 - -83. What are the prime factors of ((-20)/12 - -3)*w?
2, 5
Let w = 1314 - 732. List the prime factors of w.
2, 3, 97
Suppose 0 = -4*d + 29 + 155. Suppose -5*h = -d - 9. Let i(q) = q**2 - 6*q + 15. List the prime factors of i(h).
2, 5, 7
Suppose -138*d = -140*d + 596. What are the prime factors of d?
2, 149
Suppose 7 = 5*x - 3. Suppose x*q + 4*f = 158, -5*q + 2*f + 420 = 7*f. What are the prime factors of q?
89
Suppose 0 = -60*u + 58*u + 2574. What are the prime factors of u?
3, 11, 13
Let h(w) = -w**2 - 4*w + 6. Let z be h(-4). Suppose z*d = d + 5. List the prime factors of -1 + (2 - d) + 24.
2, 3
Let i = -51 - -19. Let s be 10/4*i/(-20). Suppose 144 = 5*k - s*q, 3*q - 207 + 35 = -5*k. What are the prime factors of k?
2
Let k(g) = g**2 + 11*g - 6. Let h be k(-15). Let d = h - 19. List the prime factors of d.
5, 7
Suppose -2*r + s + 4593 + 8464 = 0, 2*r - 5*s - 13037 = 0. What are the prime factors of r?
3, 7, 311
Let t be 4/(-6)*(-7 + 4). Suppose -3*p = -q - 25, -3*q - t*q + p = 55. Let y = 16 - q. What are the prime factors of y?
2, 13
Let f = -18 - -14. Let i(g) = -1 - g + 10 - 1. What are the prime factors of i(f)?
2, 3
Suppose -26*c = -34*c + 20640. List the prime factors of c.
2, 3, 5, 43
Suppose 26*h - 5239 = 13*h. Suppose 4*k - h = 29. List the prime factors of k.
2, 3
Suppose 2856 = 2*u + 3*g + 770, -4*g = -2*u + 2086. What are the prime factors of u?
7, 149
Suppose 0 = -2*u + 44 + 36. What are the prime factors of u - (-3 + 0 - -1)?
2, 3, 7
Let d be -1 + (-3 - -2) + 2. Suppose -f = 5*x - 14 - 7, -x + 3 = d. List the prime factors of f*-2*3/(-12).
3
Suppose 10*a - 15*a + 2*p + 10456 = 0, 6285 = 3*a - 5*p. List the prime factors of a.
2, 5, 11, 19
Let n(l) = 8*l**3 + 3*l**2 - 3*l + 5. Let z = 26 + -24. What are the prime factors of n(z)?
3, 5
Let u(z) = 5*z + 19. Let o be u(-3). Let i(r) = 3*r**2 + 11*r - 5. What are the prime factors of i(o)?
3, 29
Let y(b) = 15*b - 88. List the prime factors of y(28).
2, 83
Suppose 1540 = 5*c + 3*s, 0*c = 5*c - s - 1560. List the prime factors of c.
311
Suppose -3*h = -0*h - 24. List the prime factors of 4/h*0 - -4.
2
Let k be -1 - -4 - 6 - 159. What are the prime factors of -1 - -1 - k/2?
3
Let a(n) = -n**2 + 7*n - 6. Let z be (4/6)/(3/27). Let i be a(z). Suppose i*v = 4*v - 92. List the prime factors of v.
23
Let l(q) = 40*q**3 - q**2 + 8*q + 17. List the prime factors of l(4).
2593
Suppose 0 = -3*r 